?
True
Let m(n) be the first derivative of -n**3/3 + 19*n**2/2 + 24*n - 34. Let o be m(20). Is 6119 - (-3 - (-12)/o) a prime number?
False
Let a(m) = -4*m**3 + 11*m**2 + 133 - 136 + 31*m - 11*m**2. Is a(-8) composite?
True
Let v(n) = n**3 + 11*n**2 - 10*n + 26. Let a be v(-12). Is (-3 - 3995/(-2))/(a/4) composite?
False
Let f(r) = 3*r**2 + 43*r + 517. Is f(-29) composite?
True
Let h(y) = -5*y - 7. Let s be h(6). Let p = s - -240. Is p a prime number?
False
Let o(w) = 105*w + 24. Let l be o(23). Let x = 142 + l. Is x prime?
False
Let v(i) = -i**3 - 4*i**2 + 5*i - 19. Let r = 69 - 75. Let c be v(r). Suppose -1954 = 21*s - c*s. Is s composite?
False
Let g(m) = -8*m**2 - 11*m + 100. Let b be g(14). Is (0 - -1 - b)*(-7)/(-3) prime?
False
Let n = -104 + 110. Let d(m) = 1180*m - 47. Is d(n) a composite number?
True
Suppose 0 = -13*f - 220 - 40. Is f/(-40) + (-605)/(-2) composite?
True
Suppose -88*u - 133 = -95*u. Let c(k) = 47*k - 16. Is c(u) prime?
True
Suppose o = -2*h + 10, -3*o + 2*o - h + 7 = 0. Suppose o*c = 3394 + 21010. Is c a composite number?
False
Let r(c) = 23*c**2 - 12*c - 75. Let v be r(14). Suppose -3 = 3*i, 0 = -5*t + 3*i + v - 517. Is t a composite number?
True
Is (2/(-4) - (-155)/270) + (-1189743604)/(-756) a prime number?
False
Let t = -497 + 522. Let y(s) = 22*s + 169. Is y(t) a composite number?
False
Let a = 105987 - 1076. Is a a composite number?
False
Is ((-8)/(-6) + (-13)/39)/((-62)/(-6011086)) a composite number?
False
Let s be ((-12)/18)/(2/(-237)). Let k(n) = 5 - 61*n + 37*n - s*n - 39*n. Is k(-11) composite?
False
Let g(l) = 380*l**3 - 93*l**3 + 11*l - 1 - 10*l. Let h be g(1). Let n = h - 153. Is n composite?
True
Suppose -a - 3*j + 12 = -0*a, -2*a - 3 = -3*j. Suppose a*y = -y - 2*o + 322, -155 = -2*y + 5*o. Let h = 499 - y. Is h composite?
False
Let c(x) = x - 10. Let n be c(12). Let o be n/6 - 6730/(-6). Suppose -4*v + o = 2*v. Is v composite?
True
Let c = 604151 + -244444. Is c composite?
True
Suppose -299 = c - 4*t, 4*c + 11*t + 1196 = 16*t. Let u = c - -1198. Is u a prime number?
False
Let j(u) = -15*u**3 - 52*u**2 - 374*u + 212. Is j(-29) a prime number?
True
Let m(v) = 107*v**2 + 5*v + 7. Let s be m(5). Let g(j) = 11*j**2 + 4*j + 1. Let a be g(-9). Suppose u - 490 = -3*c + a, 2*u + 3*c - s = 0. Is u composite?
False
Let t be 470/((-68)/16 + 4). Let i = t + 5869. Is i composite?
False
Let x = -11 + 5. Let s(v) = -10*v**3 + 5*v**2 + 3*v + 13. Let f be s(x). Suppose 190 = 2*k - 5*j - 1378, -j = 3*k - f. Is k a composite number?
True
Let o = 413 + -413. Suppose o = 30*y + 7298 - 54248. Is y prime?
False
Let v be 12/(-15) + (-95)/(-25). Let m be ((-3486)/12)/(v/(-12)). Suppose 1168 = 5*b - y, 3*y - m = -5*b + 2*y. Is b prime?
True
Suppose 2*n + 101827 = 3*s - 23104, -4*s - 4*n = -166548. Is s prime?
True
Let l(p) = 31104*p + 689. Is l(5) a composite number?
True
Let q be -2031*(78/(-65))/((-2)/(-20)). Suppose -w + h + q = 1210, 2*h + 92642 = 4*w. Is w prime?
True
Let o = -193670 - -294261. Is o composite?
False
Suppose p - 4*s - 39 = 0, 0 = 2*p - 9*s + 5*s - 94. Is 30734/p + 2/10 composite?
True
Suppose 3*n + 2*t - 6*t - 30721 = 0, -4*t - 40964 = -4*n. Let q = n - 1932. Is q a composite number?
False
Let j(c) = 1786*c - 43. Let o = -1010 - -1025. Is j(o) prime?
False
Let i(q) = q**3 + 9*q**2 + 14*q - 13. Suppose -a + 7 = -9. Let k(p) = -p**2 + 16*p - 6. Let w be k(a). Is i(w) a composite number?
False
Let r(f) = 3*f**3 - 81*f**2 - 13*f + 2. Let q(z) = -z**3 + 27*z**2 + 4*z - 1. Let k(v) = 7*q(v) + 2*r(v). Is k(23) a composite number?
True
Suppose 0 = -5*a - 317*o + 315*o + 136653, 5*a - 136625 = 5*o. Is a a composite number?
False
Let g(z) = -133*z. Let k be (1/(-1)*0 - -3)*-3. Let y be g(k). Suppose y = 4*n - r + 6*r, 1493 = 5*n + 3*r. Is n a composite number?
True
Let m = -35107 + 8086. Let k = 41678 + m. Is k composite?
False
Let b be ((-2)/(-4))/(5/(-154350)*-7). Suppose 14008 = 11*w + b. Is w a prime number?
False
Let p = -41 - -37. Let o(h) = -h**2 - 4*h - 4. Let d be o(p). Is d/(-14) + (-26112)/(-42) a composite number?
True
Let i(d) = 6730*d + 189. Is i(26) composite?
True
Suppose 0 = -u + 14*d - 19*d + 94018, 3*u - d - 282134 = 0. Is u a prime number?
False
Let c(f) = 1832*f - 1113. Is c(41) composite?
False
Is -1*42814*((-781)/(-426))/(1/(-3)) a prime number?
False
Suppose -20*k + 19*k - 5*a = -43783, 3*a = 2*k - 87514. Is k a prime number?
False
Is (-158589)/(-13) + -2 - (36/(-117))/(-2) a prime number?
True
Suppose 2*m - 20105 = -3*c, 3*m = -m - c + 40235. Is (m/(-2))/(1 - 1 - 2) a composite number?
True
Suppose 0 = -150*c + 28445676 + 125832058 + 5438816. Is c a prime number?
False
Suppose 6 = 5*d - 4*n, -2*n = d - 5*n + 1. Suppose d*x + 5*u = -33, -2*u + 7 = 2*x - 5*u. Is 14/x*22/(-1) a prime number?
False
Suppose -17*x + 14*x = -24. Suppose -7*t + x*t = 3. Suppose -4*u = -t - 129. Is u a composite number?
True
Suppose 2*p = k + 14, 2*k - 3*p = -2*k - 41. Let t(m) = 82*m**2 + m + 83. Is t(k) a prime number?
True
Let m(q) = q**2 - 20*q - 22. Suppose -d = d - 2. Let g(o) = o. Let n(w) = d*m(w) + 6*g(w). Is n(-13) a composite number?
True
Let a = -30866 + 46743. Is a composite?
False
Let o(h) = 37*h**2 - 27*h - 5. Let j be o(9). Let p = j - -352. Is p a composite number?
True
Let r = -30573 + 50212. Is r a composite number?
True
Let v(c) = 602*c**2 + 204*c + 53. Is v(12) a composite number?
False
Suppose 4*s - u - 45563 = 0, 6*s - 3*u - 34170 = 3*s. Let v = 34490 - s. Is v a composite number?
False
Let f = 381 - 376. Suppose 0 = 4*s + w - 4685, 5*s - 5835 = -f*w + 25. Is s composite?
False
Let u = 342298 - 230477. Is u composite?
False
Suppose 10*t - 417742 = 4*s, -5*s - 15 = -0. Is t a composite number?
True
Let v be (20/5)/(1 + (-2)/1). Let s(l) = 551*l**2 + 116*l + 1. Is s(v) composite?
False
Suppose 430 = -4*b + 2*m, 3*b - 2*m + 394 = 69. Let j = 268 - b. Is j a composite number?
False
Is 3/(-24*12/(-21057888)) a composite number?
False
Is -1 + 1 - (-51 + -25526) a prime number?
True
Suppose 33*i - 3*l = 28*i + 185263, -60 = 10*l. Is i prime?
True
Let l = -4123547 + 6342924. Is l prime?
True
Is 9 + 57165192/135 - (-6)/45 a prime number?
False
Let o be 100/(-1375)*11*(1 - 6). Let p = -13855 + 20447. Suppose 4*x = 20, p = 5*i + o*x - 7223. Is i composite?
True
Suppose 545723 = 2*r - 4*t + 9*t, 4*r - 3*t - 1091381 = 0. Is r a prime number?
False
Suppose -188711 + 974366 = 9*d. Suppose d = 36*x + 29*x. Is x a prime number?
False
Let x(g) = -18*g**2 - g + 1. Let l be x(-3). Let i be (1 + l*1)/(1/10). Let w = 2447 + i. Is w a prime number?
True
Suppose -2*m = 2*j + 2*j + 2, -5*m = 3*j + 19. Suppose 2*h - i = 4474, h - 7*i = -j*i + 2237. Is h a composite number?
False
Let v = -18 - -36. Let n(d) be the third derivative of -d**6/120 + 3*d**5/10 + d**4/12 - 5*d**3/6 + 14*d**2 + 2. Is n(v) a composite number?
False
Let a(p) = p**2 + 22*p + 102. Let t = 30 + -77. Is a(t) a composite number?
False
Let k be 3 + (-1 + 5 - -793). Let n = -167 + k. Suppose 29*z = 32*z - n. Is z a composite number?
False
Suppose 78828188 = 41*g - 26*g + 61*g. Is g a composite number?
False
Let q = -31 - -27. Let o be (36/(-15))/(q/10). Suppose o*g = 9*g - 2355. Is g prime?
False
Let k = 464 - 461. Suppose 4*d - 4202 = k*a, -7*d + 2106 = -5*d - 4*a. Is d a prime number?
True
Suppose -4*b + 7446 = w - 825, 10 = 5*b. Is w prime?
True
Let j(s) = -30*s - 3. Let b be j(-4). Suppose -594 = -9*r + b. Is r a composite number?
False
Suppose 17205 = -3*o + 5*u, 4*u = -3*o + 8*o + 28688. Let l = 1263 - o. Is l prime?
False
Let c(a) = 701*a**2 - 1439*a + 23. Is c(-18) prime?
True
Let k = 608587 + -414154. Is k a prime number?
False
Let r be 5*(-6)/(-120) + 1942/8. Suppose 1525 = 8*z - r. Is z a composite number?
True
Let h = -2587 + 3072. Is h composite?
True
Let i = 365 + -339. Is 296 - (i/6 + (-6)/(-9)) prime?
False
Let d = 67 - 59. Suppose 4*s - d*s - 20 = 0. Is 4 - (-439 + (-1 - s)) composite?
False
Let v(c) = 3182*c**2 - 48*c + 1. Is v(6) prime?
False
Let z(g) = -g**2 + 10*g - 13. Let x be z(8). Suppose x*n + n = 0. Suppose -2*r + 4*y + 2750 = n, 4*r - 5467 = y - 4*y. Is r prime?
False
Let x = -71 + 122. Let y be (2 + 1)/(4 + x/(-15)). Suppose -4*d + y*d = 223. Is d composite?
False
Is (-1510751)/(-9) - -9*30/(-1215) a composite number?
Fals